he greatest common divisor of 49 and 2?
1
What is the greatest common divisor of 163 and 17?
1
What is the highest common divisor of 40 and 10?
10
What is the highest common factor of 10 and 30?
10
Calculate the greatest common factor of 6 and 21.
3
Calculate the greatest common factor of 60 and 2220.
60
Calculate the greatest common factor of 147 and 49.
49
Calculate the greatest common divisor of 27 and 1.
1
Calculate the highest common divisor of 1560 and 24.
24
What is the highest common factor of 109 and 545?
109
What is the highest common factor of 40 and 4?
4
What is the greatest common factor of 4 and 716?
4
What is the greatest common divisor of 1360 and 80?
80
What is the highest common divisor of 7 and 191?
1
What is the greatest common factor of 3149 and 67?
67
Calculate the highest common factor of 72 and 40.
8
What is the highest common factor of 63 and 105?
21
What is the highest common factor of 824 and 22?
2
What is the greatest common divisor of 8 and 35?
1
What is the highest common factor of 10 and 29030?
10
What is the greatest common divisor of 99 and 45?
9
Calculate the greatest common factor of 1500 and 120.
60
What is the highest common divisor of 1273 and 469?
67
What is the highest common divisor of 1484 and 7?
7
Calculate the greatest common factor of 4 and 841.
1
Calculate the greatest common divisor of 63 and 21.
21
Calculate the highest common factor of 12500 and 20.
20
What is the highest common divisor of 1156 and 68?
68
What is the greatest common divisor of 459 and 969?
51
What is the greatest common divisor of 2187 and 1512?
27
What is the highest common factor of 347 and 6?
1
What is the greatest common factor of 1705 and 1375?
55
Calculate the highest common factor of 12 and 248.
4
What is the greatest common factor of 216 and 477?
9
What is the highest common factor of 204 and 1512?
12
What is the highest common factor of 732 and 12?
12
Calculate the greatest common factor of 14 and 868.
14
What is the greatest common factor of 14 and 7987?
7
Calculate the highest common divisor of 52 and 2899.
13
Calculate the greatest common factor of 396 and 1056.
132
Calculate the greatest common factor of 535 and 55.
5
Calculate the greatest common factor of 120 and 2265.
15
Calculate the highest common divisor of 17 and 51.
17
What is the greatest common divisor of 2348 and 4?
4
Calculate the highest common factor of 80 and 1500.
20
What is the highest common factor of 5251 and 267?
89
What is the highest common divisor of 14364 and 126?
126
Calculate the highest common factor of 688 and 64.
16
Calculate the greatest common divisor of 14 and 140.
14
Calculate the greatest common divisor of 603 and 180.
9
Calculate the greatest common divisor of 16 and 1304.
8
What is the greatest common factor of 100 and 64?
4
Calculate the highest common factor of 9 and 1089.
9
What is the highest common divisor of 1456 and 1400?
56
Calculate the greatest common factor of 102 and 588.
6
What is the highest common factor of 710 and 426?
142
Calculate the highest common divisor of 1524 and 372.
12
What is the highest common factor of 16 and 400?
16
Calculate the highest common divisor of 781 and 11.
11
Calculate the highest common factor of 7 and 63.
7
Calculate the greatest common factor of 14728 and 14.
14
What is the greatest common divisor of 204 and 3621?
51
Calculate the greatest common divisor of 794 and 4.
2
Calculate the greatest common factor of 207 and 46.
23
Calculate the highest common divisor of 16 and 140.
4
Calculate the highest common divisor of 79 and 79.
79
Calculate the greatest common divisor of 16 and 464.
16
What is the greatest common factor of 4738 and 230?
46
Calculate the highest common factor of 4236 and 12.
12
What is the highest common divisor of 180 and 36?
36
What is the highest common divisor of 23 and 3496?
23
What is the greatest common factor of 250 and 50?
50
What is the highest common factor of 111 and 481?
37
Calculate the greatest common divisor of 480 and 40.
40
Calculate the greatest common divisor of 84 and 462.
42
What is the highest common divisor of 76 and 4541?
19
What is the greatest common divisor of 19 and 57019?
19
What is the highest common divisor of 207 and 23?
23
Calculate the greatest common factor of 10 and 150.
10
Calculate the greatest common factor of 819 and 567.
63
What is the greatest common divisor of 3036 and 88?
44
What is the highest common divisor of 27 and 144?
9
Calculate the highest common factor of 40 and 190.
10
What is the greatest common factor of 11 and 8767?
11
Calculate the highest common divisor of 820 and 20.
20
Calculate the greatest common factor of 1413 and 45.
9
Calculate the greatest common factor of 15 and 20.
5
Calculate the highest common divisor of 21 and 26047.
7
What is the greatest common divisor of 1628 and 44?
44
What is the greatest common factor of 33 and 583?
11
What is the greatest common divisor of 153 and 7089?
51
What is the highest common divisor of 98 and 182?
14
What is the highest common factor of 60 and 20?
20
What is the highest common divisor of 117 and 78?
39
Calculate the highest common divisor of 12968 and 8.
8
Calculate the highest common factor of 57 and 2793.
57
Calculate the highest common divisor of 9 and 23967.
9
What is the highest common factor of 152 and 57152?
152
What is the highest common divisor of 481 and 65?
13
Calculate the highest common divisor of 15 and 780.
15
What is the greatest common divisor of 16 and 40?
8
Calculate the greatest common divisor of 3658 and 62.
62
What is the highest common factor of 134 and 201?
67
What is the greatest common divisor of 12 and 876?
12
What is the greatest common factor of 168 and 56?
56
Calculate the highest common divisor of 1458 and 810.
162
What is the highest common factor of 65875 and 31?
31
Calculate the highest common divisor of 72 and 1344.
24
What is the greatest common divisor of 702 and 26?
26
What is the greatest common divisor of 10 and 585?
5
What is the greatest common divisor of 242 and 4422?
22
What is the greatest common factor of 918 and 2346?
102
What is the greatest common factor of 10 and 8810?
10
What is the highest common divisor of 64 and 4352?
64
Calculate the highest common divisor of 220 and 100.
20
Calculate the highest common divisor of 6382 and 2.
2
Calculate the greatest common divisor of 21 and 2877.
21
What is the greatest common factor of 107 and 428?
107
What is the highest common factor of 432 and 1152?
144
What is the greatest common factor of 580 and 20?
20
Calculate the highest common factor of 6 and 1286.
2
Calculate the greatest common factor of 16 and 712.
8
Calculate the greatest common factor of 500 and 40.
20
What is the highest common divisor of 108 and 207?
9
What is the highest common factor of 126 and 3654?
126
What is the greatest common factor of 26 and 2171?
13
What is the highest common factor of 60 and 192?
12
What is the highest common factor of 34258 and 42?
14
Calculate the greatest common factor of 56 and 518.
14
What is the highest common factor of 32 and 544?
32
Calculate the greatest common divisor of 253 and 69.
23
Calculate the highest common factor of 117 and 1503.
9
Calculate the greatest common divisor of 285 and 437.
19
Calculate the greatest common factor of 5 and 33.
1
What is the greatest common factor of 315 and 140?
35
Calculate the greatest common divisor of 1 and 4.
1
What is the greatest common divisor of 30 and 20730?
30
Calculate the greatest common factor of 2212 and 28.
28
Calculate the highest common divisor of 450 and 45.
45
What is the greatest common factor of 782 and 230?
46
What is the greatest common divisor of 54 and 99?
9
What is the highest common factor of 1100 and 75?
25
Calculate the highest common factor of 67205 and 5.
5
What is the highest common divisor of 429 and 26?
13
Calculate the highest common factor of 52 and 468.
52
What is the greatest common divisor of 132 and 12?
12
What is the greatest common factor of 30 and 1125?
15
What is the greatest common divisor of 32 and 160?
32
What is the highest common factor of 115 and 69?
23
What is the highest common factor of 65 and 403?
13
What is the greatest common factor of 40 and 2500?
20
What is the highest common fac